{"id":545,"date":"2024-08-19T15:21:36","date_gmt":"2024-08-19T15:21:36","guid":{"rendered":"https:\/\/informatykradom.ovh\/?page_id=545"},"modified":"2025-04-14T11:20:36","modified_gmt":"2025-04-14T11:20:36","slug":"strona-glowna","status":"publish","type":"page","link":"https:\/\/informatykradom.ovh\/","title":{"rendered":"Profesjonalne Us\u0142ugi IT \u2013 Radom i okolice"},"content":{"rendered":"\n<div class=\"wp-block-columns is-layout-flex wp-container-core-columns-is-layout-28f84493 wp-block-columns-is-layout-flex\">\n<div class=\"wp-block-column is-layout-flow wp-block-column-is-layout-flow\">\n<div class=\"wp-block-columns is-layout-flex wp-container-core-columns-is-layout-28f84493 wp-block-columns-is-layout-flex\">\n<div class=\"wp-block-column is-layout-flow wp-block-column-is-layout-flow\">\n<p>Witamy na stronie Twojego zaufanego partnera w zakresie <strong>obs\u0142ugi informatycznej firm i os\u00f3b prywatnych<\/strong>. Oferujemy kompleksowe wsparcie IT: od szybkiej naprawy komputer\u00f3w i laptop\u00f3w, przez projektowanie sieci LAN\/Wi-Fi, a\u017c po konfiguracj\u0119 system\u00f3w i zabezpiecze\u0144.<\/p>\n\n\n\n<p>Specjalizujemy si\u0119 w:<br>\ud83d\udd27 serwisie sprz\u0119tu komputerowego<br>\ud83d\udcbe odzyskiwaniu danych<br>\ud83c\udf10 tworzeniu i konfiguracji sieci<br>\ud83d\udd12 bezpiecze\u0144stwie IT<br>\ud83d\udce1 us\u0142ugach zdalnych i pracy w chmurze<\/p>\n\n\n\n<p>Dzia\u0142amy <strong>szybko, skutecznie i z dojazdem do klienta na terenie Radomia i okolic \u2013 bez dodatkowych op\u0142at!<\/strong><\/p>\n\n\n\n<p>Zaufaj do\u015bwiadczeniu i postaw na profesjonalne wsparcie IT.<br>\ud83d\udcde <strong>Skontaktuj si\u0119 z nami: 737 336 102<\/strong><\/p>\n<\/div>\n\n\n\n<div class=\"wp-block-column is-layout-flow wp-block-column-is-layout-flow\"><\/div>\n<\/div>\n<\/div>\n<\/div>\n\n\n\n<p><\/p>\n","protected":false},"excerpt":{"rendered":"<p>Witamy na stronie Twojego zaufanego partnera w zakresie obs\u0142ugi informatycznej firm i os\u00f3b prywatnych. Oferujemy kompleksowe wsparcie IT: od szybkiej naprawy komputer\u00f3w i laptop\u00f3w, przez projektowanie sieci LAN\/Wi-Fi, a\u017c po konfiguracj\u0119 system\u00f3w i zabezpiecze\u0144. Specjalizujemy si\u0119 w:\ud83d\udd27 serwisie sprz\u0119tu komputerowego\ud83d\udcbe odzyskiwaniu danych\ud83c\udf10 tworzeniu i konfiguracji sieci\ud83d\udd12 bezpiecze\u0144stwie IT\ud83d\udce1 us\u0142ugach zdalnych i pracy w chmurze Dzia\u0142amy [&hellip;]<\/p>\n","protected":false},"author":1,"featured_media":0,"parent":0,"menu_order":0,"comment_status":"closed","ping_status":"closed","template":"","meta":{"footnotes":""},"class_list":["post-545","page","type-page","status-publish","hentry"],"blocksy_meta":[],"_links":{"self":[{"href":"https:\/\/informatykradom.ovh\/index.php\/wp-json\/wp\/v2\/pages\/545","targetHints":{"allow":["GET"]}}],"collection":[{"href":"https:\/\/informatykradom.ovh\/index.php\/wp-json\/wp\/v2\/pages"}],"about":[{"href":"https:\/\/informatykradom.ovh\/index.php\/wp-json\/wp\/v2\/types\/page"}],"author":[{"embeddable":true,"href":"https:\/\/informatykradom.ovh\/index.php\/wp-json\/wp\/v2\/users\/1"}],"replies":[{"embeddable":true,"href":"https:\/\/informatykradom.ovh\/index.php\/wp-json\/wp\/v2\/comments?post=545"}],"version-history":[{"count":17,"href":"https:\/\/informatykradom.ovh\/index.php\/wp-json\/wp\/v2\/pages\/545\/revisions"}],"predecessor-version":[{"id":830,"href":"https:\/\/informatykradom.ovh\/index.php\/wp-json\/wp\/v2\/pages\/545\/revisions\/830"}],"wp:attachment":[{"href":"https:\/\/informatykradom.ovh\/index.php\/wp-json\/wp\/v2\/media?parent=545"}],"curies":[{"name":"wp","href":"https:\/\/api.w.org\/{rel}","templated":true}]}}